- 1852*f + 11254. What is l(6)?
-2
Let v(o) = -o**2 + 2002*o - 13966. Give v(7).
-1
Let z(s) = -5*s**2 + 38*s - 27. Give z(7).
-6
Let b(f) = -1382*f - 38695. What is b(-28)?
1
Let p(z) = 4*z**2 - 169*z - 111. Give p(43).
18
Let i(w) = 15523*w - 201805. Give i(13).
-6
Let p(f) = -f**3 + 15*f**2 + 25*f + 162. Give p(17).
9
Let k(s) = -s**3 + 20*s**2 - 7*s + 20. Determine k(18).
542
Let l(y) = -2*y**3 + 60*y**2 - 60*y + 88. Determine l(29).
30
Let w(n) = 3*n**2 + 23*n + 73. Calculate w(-6).
43
Let w(u) = -u**2 + 55*u - 510. Give w(11).
-26
Let b(u) = u**2 + 5*u + 59. Calculate b(4).
95
Let y(b) = 22*b - 854. Determine y(39).
4
Let v(p) = p**2 + 73*p + 254. What is v(-4)?
-22
Let i(k) = -k**3 - 35*k**2 - 123*k - 23. What is i(-31)?
-54
Let m(r) = r**2 + 22*r + 77. Calculate m(-18).
5
Let c(b) = 6*b**2 - 21*b + 111. Give c(5).
156
Let w(f) = -f**2 - 7*f + 5. Determine w(4).
-39
Let k(v) = 7*v + 111. Calculate k(-10).
41
Let p(n) = -n**2 - 409*n + 22956. Calculate p(50).
6
Let a(p) = -85*p**3 + 12*p**2 + 21*p + 13. Calculate a(-2).
699
Let j(t) = 5*t**2 - 21*t + 269. Calculate j(12).
737
Let u(v) = -v**3 + 2*v**2 + 29*v + 6. Give u(10).
-504
Let s(m) = -1139*m - 3381. Calculate s(-3).
36
Let s(v) = 265*v + 2402. Give s(-9).
17
Let g(j) = -30*j + 1727. What is g(58)?
-13
Let b(r) = -9*r - 55. What is b(-5)?
-10
Let m(n) = 26*n + 802. Calculate m(-19).
308
Let b(z) = z**2 + 125*z - 110. Give b(1).
16
Let t(c) = -c**2 - 285*c - 8970. Give t(-249).
-6
Let i(w) = -354*w - 4716. Give i(-13).
-114
Let h(n) = 4*n**2 + 149*n + 1004. What is h(-9)?
-13
Let n(s) = -11*s - 102. Determine n(7).
-179
Let w(i) = -i**2 + 40*i - 80. What is w(38)?
-4
Let o(m) = 2*m**3 + 6*m**2 + 13*m + 12. Determine o(-6).
-282
Let d(z) = -115*z - 1228. Give d(-11).
37
Let k(a) = -2*a**2 - 47*a - 579. Determine k(-15).
-324
Let v(i) = 4*i - 269. What is v(68)?
3
Let m(l) = -l**3 - 2*l**2 + 159*l + 717. Give m(-5).
-3
Let y(k) = -38*k - 307. What is y(-10)?
73
Let l(y) = -55*y - 144. Give l(-6).
186
Let w(y) = 65*y - 1941. Calculate w(30).
9
Let f(a) = -1315*a + 161748. What is f(123)?
3
Let q(u) = 257*u**2 - 31*u - 1. Give q(-1).
287
Let l(c) = 58*c - 97. Calculate l(2).
19
Let f(c) = c**3 + 12*c**2 - 20*c + 108. Give f(-15).
-267
Let b(s) = s**3 - 6*s**2 - 13*s - 4. Determine b(-2).
-10
Let i(q) = -8*q**2 - 85*q. Determine i(-11).
-33
Let f(o) = o**3 + 7*o**2 + 4*o - 36. Give f(-6).
-24
Let c(h) = 78*h + 76. Give c(-1).
-2
Let m(i) = i**3 - 9*i**2 - 21*i + 109. What is m(9)?
-80
Let i(b) = -228*b + 378. What is i(7)?
-1218
Let p(m) = -m**3 + 5*m**2 + 6*m - 55. What is p(0)?
-55
Let b(o) = o**2 + 99*o + 2287. Calculate b(-60).
-53
Let o(l) = -32*l**3 - l**2 + 7*l - 4. Determine o(1).
-30
Let i(v) = -v**3 + 5*v**2 - 32*v + 168. Give i(5).
8
Let g(t) = -9*t - 698. Calculate g(-63).
-131
Let q(t) = 2*t**3 + 21*t**2 - t - 41. Calculate q(-9).
211
Let j(s) = 2*s**2 - s + 14. Determine j(-5).
69
Let n(w) = -27*w + 973. Determine n(36).
1
Let x(n) = -n**3 - 16*n**2 - 50*n - 17. Determine x(-11).
-72
Let v(g) = -4330*g - 177534. Calculate v(-41).
-4
Let o(l) = l**3 + 26*l**2 - 850*l + 203. What is o(-45)?
-22
Let l(y) = -45*y + 18. What is l(-3)?
153
Let p(q) = -107*q**3 + q**2 + 10*q + 11. What is p(-1)?
109
Let i(n) = -11*n - 138. What is i(-16)?
38
Let a(w) = w - 36. Determine a(88).
52
Let w(k) = -9*k - 385. Determine w(-40).
-25
Let i(b) = b**3 - 28*b**2 + 13*b + 16. Give i(27).
-362
Let t(j) = -j**2 + 117*j + 1183. Give t(-10).
-87
Let a(t) = 2*t**2 + 11*t - 327. Calculate a(17).
438
Let b(k) = 21*k - 532. Calculate b(26).
14
Let d(f) = -4678*f + 13996. What is d(3)?
-38
Let n(m) = m**3 + 2*m**2 - 28*m + 31. Calculate n(0).
31
Let v(q) = 135*q - 7689. Calculate v(57).
6
Let b(m) = -3*m**2 - 63*m - 105. Determine b(-19).
9
Let v(r) = -1951*r - 5880. Determine v(-3).
-27
Let y(r) = r**3 + 53*r**2 - 229*r + 7. Calculate y(4).
3
Let k(s) = s**3 - 19*s**2 + 19*s - 74. Give k(18).
-56
Let c(k) = -3*k**3 - 105*k**2 + 106*k - 77. Give c(-36).
-5
Let j(z) = 831*z - 5743. Calculate j(7).
74
Let h(c) = 912*c - 72961. Give h(80).
-1
Let c(d) = d**2 + 26*d - 252. Give c(-33).
-21
Let p(w) = 4*w - 77. Calculate p(10).
-37
Let k(s) = 27*s - 217. What is k(14)?
161
Let q(r) = -r**3 + 23*r**2 - 8*r - 97. What is q(22)?
211
Let m(v) = -v**3 - v**2 - 55*v - 369. What is m(-5)?
6
Let u(r) = -4*r + 179. Determine u(29).
63
Let h(r) = -2*r**3 + 55*r**2 + 28*r - 16. Calculate h(28).
-16
Let x(v) = -32*v - 19. Determine x(-7).
205
Let l(b) = b**2 + 274*b + 1620. Calculate l(-6).
12
Let g(i) = 3*i**3 + 15*i**2 + 8*i + 39. Calculate g(-5).
-1
Let j(u) = -32*u**2 + 217*u - 426. What is j(2)?
-120
Let f(h) = 3563*h - 7124. Calculate f(2).
2
Let m(p) = -854*p - 26455. Calculate m(-31).
19
Let m(p) = -2*p**3 + 29*p**2 + 22*p - 122. Determine m(15).
-17
Let z(o) = -o**3 - 36*o**2 + 38*o + 47. Determine z(-37).
10
Let o(n) = 266*n**3 - 2*n**2 + 26*n + 27. Calculate o(-1).
-267
Let h(o) = 9*o**3 + 12*o**2 + 4*o - 26. What is h(-4)?
-426
Let g(d) = 221*d - 21. Calculate g(1).
200
Let b(w) = -3*w**3 + 124*w**2 + 86*w - 78. Calculate b(42).
6
Let q(i) = 4*i**3 + 137*i**2 + 1103*i - 32. Give q(-13).
-6
Let r(p) = 24*p - 901. Determine r(45).
179
Let y(k) = 2*k**3 + 20*k**2 - 78*k - 612. Give y(-11).
4
Let m(x) = -30*x**2 - 196*x + 88. Calculate m(-7).
-10
Let q(k) = k**2 + 49*k - 6421. Determine q(59).
-49
Let v(x) = -13*x**2 - 94*x - 26. Give v(-6).
70
Let n(q) = -q**3 + 6*q**2 - 17*q + 32. Determine n(4).
-4
Let s(p) = 3*p**2 + 157*p + 214. What is s(-51)?
10
Let d(z) = 19*z**3 - 1536*z**2 - 239*z - 318. What is d(81)?
6
Let c(h) = h**3 + 18*h**2 + 12*h - 83. Calculate c(-17).
2
Let x(t) = -3*t**3 - 4*t**2 + 3*t + 6. Give x(-3).
42
Let n(j) = -j**2 - 55*j + 168. What is n(8)?
-336
Let i(c) = -32*c - 1067. Give i(-29).
-139
Let f(y) = -y**2 + 61*y - 428. Calculate f(8).
-4
Let i(t) = -6*t + 301. What is i(40)?
61
Let p(l) = -1207*l - 1193. What is p(-1)?
14
Let d(l) = -199*l - 2532. Calculate d(-14).
254
Let s(v) = 2*v**2 - 18*v - 2341. What is s(39)?
-1
Let p(m) = -53*m - 56. Determine p(-5).
209
Let r(l) = -l**3 + 3*l**2 - 5*l + 146. Give r(6).
8
Let u(l) = -65*l**2 + 986*l - 166. What is u(15)?
-1
Let x(r) = -124*r + 923. What is x(8)?
-69
Let m(p) = 13*p**3 - 34*p**2 - 33*p + 2. What is m(-1)?
-12
Let g(u) = u**3 + 3*u**2 - 2*u - 51. What is g(6)?
261
Let s(v) = -6*v**2 - 208*v + 2161. Give s(-43).
11
Let h(i) = i**3 + 38*i**2 + 72*i + 35. Calculate h(-36).
35
Let c(i) = -i**2 + 21*i + 354. Give c(-11).
2
Let t(m) = m**3 - 21*m**2 - 22*m + 1550. Calculate t(17).
20
Let k(v) = -4*v**2 + 3*v + 20. Give k(-8).
-260
Let f(w) = 223*w - 617. Give f(3).
52
Let v(k) = -68*k - 271. Give v(-4).
1
Let f(g) = -5*g**3 + g**2 + 262*g + 261. Determine f(-1).
5
Let n(h) = h**2 + 38*h + 255. What is n(-11)?
-42
Let p(b) = -b**2 - 125*b + 249. Determine p(2).
-5
Let k(h) = 1894*h - 18948. Give k(10).
-8
Let m(l) = l**3 - 32*l**2 - 28*l - 80. What is m(33)?
85
Let m(h) = 13*h**3 - 35*h**2 + 16*h + 5. Give m(2).
1
Let x(m) = 10*m**2 - 537*m - 7341. What is x(65)?
4
Let q(t) = -9*t**3 + 2*t**2 + 6*t + 4. Determine q(-2).
72
Let v(j) = 112*j + 221. What is v(-4)?
-227
Let z(o) = -5265*o + 168479. Give z(32).
-1
Let h(i) = -37*i**2 - 24*i + 84. Calculate h(3).
-321
Let b(h) = 94*h + 765. Calculate b(-6).
201
Let j(q) = -5*q + 32. Calculate j(14).
-38
Let p(a) = 2*a**3 - a**2 + 6*a + 81. Calculate p(0).
81
Let t(c) = -61*c - 615. What is t(-10)?
-5
Let m(h) = -2*h**2 + 432*h + 1758. Determine m(-4).
-2
Let x(f) = f**2 - 25*f - 141. Determine x(29).
-25
Let k(j) = j**3 + 122*j**2 + 129*j + 976. Calculate k(-121).
8
Let n(s) = -66*s + 2238. Determine n(34).
-6
Let b(a) = 3*a**2 - 7*a - 28. Determine b(4).
-8
Let b(i) = -4*i**3 + 8*i**2 - 14*i - 1. What is b(2)?
-29
Let l(o) = 9*o**3 - 4*o**2 + 3*o + 6. What is l(-1)?
-10
Let z(x) = 3*x**3 - 8*x**2 - x - 14. Give z(0).
-14
Let a(z) = z**2 - 18*z - 1946. Give a(54).
-2
Let g(v) = v**3 - 11*v**2 - 208*v + 52. Calculate g(21).
94
Let j(a) = 67*a**2 - 210*a + 16. Determine j(4).
248
Let t(h) = -h**2 + 6*h + 1136. Calculate t(37).
-11
Let l(y) = -2*y**2 - 21*y - 10. Calculate l(-13).
-75
Let u(k) = -2940*k + 73505. Determine u(25).
5
Let q(r) = -5*r**3 - 4*r**2 - 98*r + 386. Determine q(4).
-